of w?
5
Suppose 5*f - 1976 = -3*m + 385, 4*f - 1893 = -m. What is the units digit of f?
4
Let f = -28 - -26. Let u be (3 - f)*(-1 + 2). Let q = u - -42. What is the units digit of q?
7
Let m be 16/12*(-9)/(-4). What is the tens digit of 328/12 + (-1)/m?
2
Suppose -4*l + 9 = 3*n - l, 3*n - 9 = -5*l. Suppose 2*h + n*k = -h + 63, 0 = 2*h - k - 57. What is the units digit of h - 6/(-9)*3?
8
Let a(z) = z**3 - z**2 + 4*z + 2. What is the hundreds digit of a(9)?
6
What is the units digit of (-50)/75*(-2667)/2?
9
Let f = 2934 + -1569. What is the units digit of f?
5
Let m(r) be the third derivative of -r**5/60 - 5*r**4/12 + r**3/6 + 15*r**2. What is the tens digit of m(-8)?
1
Let r(t) be the first derivative of 7*t**6/120 - t**4/24 - 5*t**3/3 + 4. Let u(c) be the third derivative of r(c). What is the units digit of u(-1)?
0
Suppose 0 = 3*x - s + 17, 5*x + 2*s = -14 + 4. Let o(m) = -37*m + 8. What is the tens digit of o(x)?
5
Let d = 68 + 32. Let b = d + -46. What is the tens digit of b?
5
What is the tens digit of (((-11727)/(-3))/(-1))/(-3)?
0
Let o(n) = -20*n - 2. Let a be o(-1). Let m be 9/a + (-1)/2. Suppose -3*l + 5*u + 29 = 0, m*l + 4*u - 110 = -5*l. What is the tens digit of l?
1
Let p(v) = v**2 + 15*v - 32. Let a be p(-15). What is the tens digit of (a/12)/(-4)*15?
1
Let h be (41/3)/((-7)/(-21)). Let k = h - 2. What is the units digit of (-36)/3*k/(-12)?
9
Let d(s) = 34*s**3 + 3*s**2 + 5*s - 14. What is the hundreds digit of d(3)?
9
What is the thousands digit of (43 - 41) + (3798 - 0)?
3
Suppose -4*s - 6 = 10, -3*s = 2*b + 12. Suppose b = -4*c + 421 - 37. What is the tens digit of c?
9
Suppose q + 8 = -2*r - q, 5*r - 5*q + 20 = 0. Let m be (-196)/(r*1) + 0. Let n = -26 + m. What is the tens digit of n?
2
Let v = 59 - 97. Let b = v + 65. What is the units digit of 3/2*36/b?
2
Let t(b) = -b**2 - 4 + 6*b + 6 + 5. Suppose 0 = -n + 9 - 4. What is the units digit of t(n)?
2
Suppose -3*s + 12 = -3*m, m = -3*s + 13 + 15. Suppose s*o = 5*o + 12. Suppose o*f = 4*k - 33 - 43, -2*f + 74 = 5*k. What is the tens digit of k?
1
Let x(k) = 35*k - 19. Let s be x(8). Suppose -s - 210 = -3*f. What is the hundreds digit of f?
1
Let d be 4/(-20) + (-41)/(-5). Suppose 0 = d*j - 14*j + 120. What is the units digit of j?
0
Suppose -291*l - 21180 = -301*l. What is the thousands digit of l?
2
Let n = 30 - 35. Let h(x) = -2*x**3 - 4*x**2 - x + 5. What is the hundreds digit of h(n)?
1
Let b be (-8*1)/((-8)/(-80)). Let h = b + 142. What is the units digit of h?
2
Suppose -26 = -4*o + z, 2 = -5*z - 8. Suppose -o*t = 18 + 18. What is the units digit of 4 + t + 64/2?
0
Let y(v) = v**3 - 7*v**2 + 8*v + 10. Let c be 10 - 3*(-2)/(-2). Let z be y(c). Suppose 3*m - 3*d - 60 = 0, 0*d = -3*m + 5*d + z. What is the units digit of m?
7
Suppose 0 = 4*d + 12, -28*d + 30*d = -3*t + 12909. What is the hundreds digit of t?
3
Let z be (-6)/16 - 19/(-8). Suppose -4*u = -5*d + 53, 0*d - z*d = -u - 23. What is the tens digit of d?
1
Let b = 23 + -12. Let m(t) = 0 + b*t + 3 - 2 + 3. What is the tens digit of m(3)?
3
Let m(g) = -4*g**3 - 2*g**2 + 1. Let z = -6 + 5. Let c be m(z). Suppose 3 = r + 3*f - 1, 5*r - 2 = c*f. What is the units digit of r?
1
Let r(f) = -18*f - 10. Suppose -2*u = 2, -11 = 3*o - 5*u - 1. Let s be r(o). Suppose -2*g = 4*k - s, 27 = -2*k + 3*k - 3*g. What is the units digit of k?
1
Suppose 2*h + 2*n = -2*h + 22, -3*n + 25 = 4*h. What is the tens digit of 2 + (-324)/(-4) + h?
8
Let g = 17 - 13. Let k = -54 + 100. Suppose -g*u = -k + 10. What is the units digit of u?
9
Let y = 257 - 153. Suppose 0 = c + 94 + y. Let z = -140 - c. What is the tens digit of z?
5
Suppose 0*k - 400 = -2*k. Suppose k = 4*x + 28. What is the units digit of x?
3
Let q(l) = -9*l - 81. What is the tens digit of q(-21)?
0
Let y = -6 - -92. Suppose 418 = 3*t + 2*t - k, t = k + y. What is the units digit of t?
3
Let m be (3 - 3) + -2 + -36. Let z = m - -70. Suppose z = w + w. What is the units digit of w?
6
Let f = 50 - 47. Suppose -5*o + 2*d + 474 = -d, -f*o - 5*d + 264 = 0. What is the tens digit of o?
9
Suppose 3*f = -2*f. What is the tens digit of f + (3 - 255/(-5))?
5
Let t = -30 - -58. What is the tens digit of 1112/t + (-2)/(-7)?
4
Let w = 629 - 287. What is the tens digit of w?
4
Let z = -51 + 41. What is the units digit of (3*35/z)/((-2)/12)?
3
Suppose -5*d + 16 = -4, -3*w = 3*d - 30. Suppose -1076 + 152 = -w*s. Suppose -3*v - 40 + s = 0. What is the tens digit of v?
3
What is the units digit of -3 + 471 + 3 + 0 + -5?
6
Suppose 0 = -3*s + 3*z - 705, 5*s + 171 = 2*z - 1007. Let f = -88 - s. What is the hundreds digit of f?
1
Let d = -997 + 1413. What is the units digit of d?
6
Suppose 152*h + 72131 = 169*h. What is the thousands digit of h?
4
Let h(v) = 45*v + 36. Let o = -42 - -47. What is the units digit of h(o)?
1
What is the tens digit of (-3428)/(-36) - (-12)/(-54)?
9
Let d be (-54)/12 - -5 - (-406)/4. Let f = 158 - d. What is the tens digit of f?
5
Suppose 2822 = 7*g - 251. What is the hundreds digit of g?
4
Let d(t) = -t**3 + 10*t**2 + 16*t - 47. Let g be d(11). Suppose -g*w + 625 = 17. What is the units digit of w?
6
Suppose -2*u + 4778 = 3*q, -7995 = -7*q + 2*q + 3*u. What is the thousands digit of q?
1
Suppose 5*y + 5*d - 39 - 61 = 0, -4*y = 2*d - 84. What is the units digit of y?
2
Let s = 40 - 38. Suppose -m + 8 = -3*f - 0, 5*m + f = 8. Suppose s*n - 3*i = m, -n + 1 = i - 5. What is the units digit of n?
4
Suppose 2*a - 3*h = -0*h - 12, -16 = -4*h. Suppose j = -u + 12, a*u + 3*u - 5*j = 12. Suppose 37 - u = 2*m. What is the units digit of m?
4
Suppose 2*x = 4, i + 0*x = 4*x - 15. Let p = -11 - i. Let m(v) = -v**3 - 4*v**2 - 2*v - 3. What is the units digit of m(p)?
5
Let w(v) = 5*v**2 - 17*v + 42. What is the tens digit of w(8)?
2
Suppose 3*b - 25 = -s, b + 0*s = 5*s + 3. Suppose -2*p = 5*a - b - 17, -5*a - 100 = -3*p. What is the tens digit of p?
2
Suppose 1460 = -6*u + 11*u. What is the tens digit of (2 + u/(-12))/(2/(-6))?
6
Let p(j) = 11 + 3*j - 5 + 0 + 6*j**2 - j**3. Suppose -3*o - 5*t = -o - 12, -t = 2*o - 12. What is the units digit of p(o)?
4
Let i = 41 - 19. Let c = i - 7. What is the units digit of c?
5
Let b(l) = -l - 37. Let g be b(7). What is the units digit of (1 + 23/(-3))/(g/462)?
0
What is the tens digit of ((-1461310)/435)/(2/(-3))?
3
Let j = 37 + -30. Let k = j + 37. What is the tens digit of k?
4
Suppose 1198 = 2*p + 3*o, -4*p + o + 2396 = 6*o. What is the units digit of p?
9
Suppose -4*o = 3*k - 2675, -7*o = -3*o + 4*k - 2672. What is the tens digit of o?
7
Suppose h - 4*h + 3*r + 1044 = 0, -r = -3*h + 1042. What is the units digit of h?
7
Let o(f) = f**3 - 29*f**2 - 45*f + 16. What is the tens digit of o(32)?
4
Let t(l) = -l**3 + 2*l**2 + 3*l. Let k be t(3). Suppose -5*d = -y - 41, -3*d + k*y + 11 = -4*y. What is the units digit of ((-1)/(-3))/(d/351)?
3
Let f(x) be the first derivative of 13*x**2 + 5*x + 7. What is the tens digit of f(3)?
8
What is the tens digit of (-2704)/(-56) + 8/(-28)?
4
Suppose 5*q - 164 = -9. What is the units digit of q + -2*(-3)/(-6)?
0
Let j be 0 + 0/(-2) - 0. Suppose x - 1 = q, q + 4*x - 4 = -2*q. Suppose q = -j*b + b - 3*m - 73, -8 = 4*m. What is the units digit of b?
7
What is the hundreds digit of (-14848)/(-24) - 1/(-3)?
6
What is the units digit of (((-80)/12)/(-1))/(12/522)?
0
Let f(r) = -110*r. Let b be f(-2). Suppose -12*l = -8*l - b. Let y = -28 + l. What is the tens digit of y?
2
Let f = -19 - -23. Let s(j) = -j**3 + 10*j**2 - 5*j + 1. What is the units digit of s(f)?
7
Let p(c) be the third derivative of 7*c**4/12 + c**3/2 + 5*c**2. What is the tens digit of p(1)?
1
Let z be 12/(-8)*(-372)/9. Let u = z - 32. What is the units digit of u?
0
Suppose -4*t = -6*t + 1026. Suppose -2*u + 0*u - 402 = -4*w, -5*w + t = u. What is the units digit of w?
2
Let w(b) = 18*b - 70. Suppose 0 = 2*s - 5*z - 37, 9*s - 4*s + z - 52 = 0. What is the hundreds digit of w(s)?
1
Suppose 0 = o + o - 770. Suppose o = -7*z + 1092. What is the hundreds digit of z?
1
Let i(w) = 11*w**2 + 28*w + 253. What is the tens digit of i(-15)?
0
Let h = 477 - -96. What is the hundreds digit of h?
5
Let s(v) = 72*v + 3 - 3*v**2 - v**3 - 68*v - 5*v**2. Let o(c) = 1. Let x(m) = -4*o(m) + s(m). What is the tens digit of x(-9)?
4
Suppose 11 = 2*z - 29. Suppose -25